5 and 10?
5
Calculate the highest common divisor of 75 and 237.
3
What is the greatest common factor of 49665 and 12255?
645
What is the highest common factor of 7 and 57595?
1
Calculate the greatest common divisor of 1384 and 60.
4
What is the highest common divisor of 448 and 332528?
112
Calculate the greatest common divisor of 14541 and 10349.
131
What is the greatest common divisor of 13 and 9714?
1
Calculate the greatest common factor of 1592096 and 220.
44
Calculate the highest common divisor of 1372324 and 4.
4
What is the greatest common factor of 221 and 52224?
17
Calculate the highest common divisor of 1570926 and 42.
42
What is the greatest common factor of 63009 and 1179?
9
Calculate the highest common divisor of 390 and 614540.
10
What is the highest common divisor of 1470 and 138?
6
What is the greatest common divisor of 228467 and 141?
47
What is the highest common divisor of 4994 and 1078?
22
Calculate the greatest common divisor of 6704 and 320.
16
Calculate the greatest common divisor of 351649 and 593.
593
Calculate the highest common divisor of 242595 and 27.
27
Calculate the greatest common divisor of 168 and 4074.
42
What is the highest common factor of 1173 and 328797?
51
What is the greatest common divisor of 931 and 380?
19
Calculate the highest common divisor of 10 and 1039.
1
Calculate the greatest common factor of 126 and 1162.
14
What is the greatest common factor of 4810556 and 892?
892
Calculate the greatest common factor of 10 and 433040.
10
What is the greatest common factor of 97033 and 57?
19
Calculate the greatest common factor of 466781 and 21.
7
Calculate the highest common factor of 197006 and 274.
274
Calculate the highest common factor of 6 and 3571956.
6
Calculate the greatest common factor of 169461 and 114.
57
What is the highest common divisor of 40898 and 605?
121
What is the greatest common factor of 942 and 951106?
314
Calculate the highest common factor of 14104 and 40592.
344
Calculate the highest common divisor of 2716 and 707.
7
Calculate the greatest common divisor of 8748333 and 2619.
873
What is the greatest common divisor of 33633 and 61812?
909
What is the greatest common factor of 5880 and 4627?
7
Calculate the highest common factor of 40749 and 561.
51
Calculate the greatest common divisor of 30 and 14085.
15
Calculate the highest common divisor of 1806629 and 11.
11
Calculate the greatest common factor of 422123 and 65.
13
Calculate the highest common factor of 50347 and 506.
253
What is the greatest common divisor of 992 and 43400?
248
What is the greatest common factor of 9 and 3464586?
9
What is the greatest common divisor of 10287 and 81?
81
What is the greatest common factor of 611 and 32539?
13
What is the greatest common divisor of 75 and 32865?
15
What is the greatest common factor of 2299 and 27?
1
Calculate the highest common factor of 97968 and 4368.
624
What is the highest common factor of 17 and 1353251?
17
What is the highest common divisor of 12840230 and 559?
559
Calculate the highest common factor of 178 and 14596.
178
What is the greatest common divisor of 340450 and 1375?
275
Calculate the greatest common divisor of 1125 and 135.
45
Calculate the greatest common divisor of 11861 and 4640.
29
Calculate the greatest common divisor of 47 and 10571663.
47
What is the highest common factor of 186160 and 15215?
895
What is the highest common divisor of 441 and 17721?
9
Calculate the greatest common factor of 158574 and 143.
13
What is the greatest common factor of 1167429 and 186?
93
What is the highest common factor of 21534 and 6882?
222
What is the highest common divisor of 5460 and 2086?
14
What is the greatest common factor of 14378 and 364?
182
Calculate the highest common divisor of 72782 and 10268.
302
What is the highest common factor of 606 and 233613?
303
What is the greatest common factor of 5456 and 111166?
682
Calculate the highest common factor of 45182 and 246.
82
What is the greatest common divisor of 152 and 6403?
19
What is the greatest common factor of 193921 and 77?
7
Calculate the highest common factor of 26 and 5747534.
26
Calculate the greatest common factor of 39 and 340119.
39
What is the greatest common factor of 19869 and 333?
111
Calculate the greatest common factor of 94 and 1034.
94
Calculate the greatest common divisor of 31500 and 2800.
700
What is the highest common divisor of 2742 and 348?
6
Calculate the greatest common divisor of 75 and 1640325.
75
What is the greatest common divisor of 59590 and 8378?
118
What is the greatest common factor of 120 and 11832?
24
Calculate the highest common factor of 18 and 181215.
9
Calculate the greatest common factor of 76388 and 30420.
676
What is the highest common factor of 1023628 and 4?
4
Calculate the greatest common divisor of 207444 and 3894.
354
Calculate the greatest common divisor of 104 and 104104.
104
What is the greatest common factor of 3204 and 71378?
178
Calculate the highest common factor of 10798982 and 2066.
2066
Calculate the greatest common divisor of 1330 and 420.
70
What is the greatest common factor of 35 and 44695?
35
Calculate the highest common factor of 34707 and 2070.
69
Calculate the highest common divisor of 231004 and 152.
4
Calculate the greatest common factor of 108 and 20331.
27
Calculate the highest common factor of 86384 and 100.
4
What is the greatest common divisor of 179257 and 26?
13
What is the greatest common divisor of 3900 and 320700?
300
What is the greatest common factor of 31 and 1479971?
31
Calculate the greatest common factor of 9 and 1684998.
9
What is the highest common divisor of 108 and 5660010?
54
What is the greatest common factor of 20224 and 191812?
316
Calculate the highest common divisor of 17848 and 920.
184
What is the greatest common factor of 7773 and 894?
3
Calculate the highest common divisor of 631930 and 20.
10
What is the greatest common factor of 629 and 20366?
17
Calculate the highest common factor of 2421 and 351.
9
Calculate the greatest common divisor of 44 and 21142.
22
What is the greatest common divisor of 151893 and 63?
63
Calculate the greatest common factor of 60140 and 186.
62
Calculate the greatest common factor of 190849 and 377.
29
What is the highest common divisor of 6150 and 525?
75
What is the highest common divisor of 233552 and 176?
176
Calculate the greatest common divisor of 96 and 122160.
48
Calculate the highest common factor of 41778 and 90.
18
What is the highest common factor of 933 and 4809?
3
What is the highest common divisor of 86724 and 880?
44
What is the greatest common divisor of 37925 and 11275?
1025
Calculate the greatest common factor of 9607 and 325.
13
What is the greatest common divisor of 136 and 16609?
17
What is the highest common factor of 126 and 28161?
63
Calculate the highest common divisor of 90 and 650880.
90
What is the highest common factor of 42598 and 118?
118
What is the highest common divisor of 573 and 2395331?
191
Calculate the greatest common divisor of 351 and 7007.
13
What is the highest common divisor of 10833 and 805?
23
What is the greatest common divisor of 166840 and 91160?
1720
Calculate the highest common factor of 4160 and 1625.
65
Calculate the highest common factor of 2785 and 95.
5
Calculate the highest common divisor of 156 and 367224.
156
What is the greatest common divisor of 88 and 1260248?
88
What is the greatest common divisor of 4492383 and 786?
393
Calculate the highest common divisor of 294 and 525.
21
Calculate the highest common factor of 317985 and 5805.
645
Calculate the greatest common divisor of 6677 and 374.
11
What is the greatest common factor of 28450 and 666868?
1138
Calculate the greatest common divisor of 1959 and 12187592.
653
Calculate the greatest common factor of 800 and 138880.
160
Calculate the greatest common divisor of 7965 and 64015.
295
Calculate the greatest common factor of 86877 and 5047.
49
Calculate the highest common factor of 367448 and 184.
184
Calculate the highest common factor of 105462 and 729.
243
Calculate the highest common factor of 50160 and 14421.
627
Calculate the greatest common divisor of 164190 and 117.
39
What is the greatest common divisor of 410545 and 235?
235
Calculate the highest common divisor o